f 21?
False
Is 25 a factor of 475?
True
Is 30 a factor of 870?
True
Is 25 a factor of 14075?
True
Is 137 a factor of 19043?
True
Is 6 a factor of 540?
True
Is 15 a multiple of 3?
True
Is 33 a multiple of 7?
False
Does 25 divide 54530?
False
Does 39 divide 2730?
True
Is 2 a factor of 76?
True
Does 83 divide 729?
False
Is 414 a multiple of 17?
False
Is 2 a factor of 30?
True
Is 213 a factor of 13632?
True
Is 6522 a multiple of 6?
True
Is 57 a factor of 9285?
False
Is 2272 a multiple of 8?
True
Is 38190 a multiple of 30?
True
Is 480 a multiple of 40?
True
Is 25 a factor of 690?
False
Does 2 divide 342?
True
Is 16742 a multiple of 22?
True
Is 3146 a multiple of 154?
False
Is 20 a factor of 2433?
False
Does 72 divide 2098?
False
Is 43 a factor of 31605?
True
Is 19 a factor of 7338?
False
Does 6 divide 333?
False
Does 193 divide 31244?
False
Does 51 divide 1938?
True
Does 29 divide 301?
False
Is 16 a factor of 96?
True
Does 27 divide 582?
False
Is 85 a multiple of 17?
True
Is 30 a factor of 1770?
True
Is 322 a factor of 87127?
False
Is 43 a factor of 1161?
True
Does 147 divide 17673?
False
Does 83 divide 8775?
False
Is 186 a multiple of 28?
False
Is 450 a multiple of 15?
True
Is 76 a factor of 7144?
True
Is 25924 a multiple of 107?
False
Is 6144 a multiple of 98?
False
Is 87 a factor of 3306?
True
Is 3446 a multiple of 3?
False
Does 117 divide 38376?
True
Does 77 divide 28972?
False
Is 12 a multiple of 3?
True
Is 1618 a multiple of 11?
False
Is 4 a factor of 1404?
True
Does 20 divide 530?
False
Does 7 divide 5082?
True
Is 114 a factor of 53305?
False
Is 15 a factor of 4999?
False
Is 4 a factor of 145?
False
Is 45 a factor of 4355?
False
Does 113 divide 25764?
True
Is 2460 a multiple of 164?
True
Is 79 a factor of 42818?
True
Is 9500 a multiple of 25?
True
Is 1142 a multiple of 37?
False
Is 8 a factor of 15432?
True
Does 10 divide 2251?
False
Is 20 a factor of 12517?
False
Is 24 a factor of 23620?
False
Is 1494 a multiple of 7?
False
Is 5 a factor of 2784?
False
Does 102 divide 22236?
True
Is 4649 a multiple of 79?
False
Does 44 divide 555?
False
Is 9 a factor of 261?
True
Is 26836 a multiple of 6?
False
Is 148 a factor of 4133?
False
Is 96 a factor of 4997?
False
Is 52001 a multiple of 12?
False
Is 380 a multiple of 2?
True
Is 275 a multiple of 7?
False
Is 48 a factor of 177?
False
Does 13 divide 2743?
True
Is 7420 a multiple of 14?
True
Is 10 a factor of 540?
True
Is 33 a factor of 6056?
False
Is 5579 even?
False
Does 19 divide 1380?
False
Is 211 a factor of 10339?
True
Is 11 a factor of 15069?
False
Is 3382 a multiple of 38?
True
Is 1189 a multiple of 29?
True
Does 48 divide 3840?
True
Is 22012 a multiple of 4?
True
Is 8040 a multiple of 15?
True
Is 54 a factor of 4050?
True
Is 27798 a multiple of 123?
True
Is 11851 a multiple of 53?
False
Is 25 a factor of 268?
False
Is 4264 even?
True
Does 28 divide 2649?
False
Is 36078 a multiple of 14?
True
Does 9 divide 6174?
True
Does 11 divide 747?
False
Is 62 a multiple of 23?
False
Does 46 divide 40848?
True
Is 14 a factor of 622?
False
Does 9 divide 10413?
True
Is 13000 a multiple of 52?
True
Is 27 a factor of 735?
False
Is 1095 a multiple of 12?
False
Is 11 a factor of 4158?
True
Does 105 divide 7245?
True
Is 50 a factor of 5464?
False
Is 31 a factor of 1085?
True
Is 14565 a multiple of 300?
False
Is 32 a factor of 2784?
True
Is 173 a multiple of 8?
False
Is 1353 a multiple of 11?
True
Is 2507 a multiple of 46?
False
Is 7228 a multiple of 52?
True
Is 832 a multiple of 4?
True
Does 67 divide 6925?
False
Is 31001 a multiple of 188?
False
Does 7 divide 364?
True
Does 5 divide 154?
False
Does 3 divide 29?
False
Does 20 divide 55?
False
Does 26 divide 58959?
False
Is 60008 a multiple of 8?
True
Is 2106 a multiple of 27?
True
Is 352 a multiple of 11?
True
Is 2364 a multiple of 18?
False
Is 4625 a multiple of 25?
True
Is 13 a factor of 5208?
False
Does 8 divide 5864?
True
Is 97 a factor of 582?
True
Is 2074 a multiple of 122?
True
Is 5 a factor of 10455?
True
Is 98942 a multiple of 10?
False
Does 67 divide 569?
False
Is 23 a factor of 107637?
False
Is 19538 a multiple of 18?
False
Does 38 divide 418?
True
Is 5 a factor of 667?
False
Does 56 divide 25424?
True
Is 3480 a multiple of 24?
True
Is 10906 a multiple of 14?
True
Does 18 divide 22410?
True
Is 69156 a multiple of 17?
True
Is 12 a factor of 222?
False
Is 114 a factor of 17556?
True
Is 2503 a multiple of 24?
False
Is 869 a multiple of 67?
False
Is 92 a factor of 2092?
False
Is 20 a factor of 36443?
False
Does 48 divide 9024?
True
Is 108 a factor of 10476?
True
Is 116 a factor of 48284?
False
Does 11 divide 1422?
False
Does 30 divide 7609?
False
Is 10 a factor of 5250?
True
Does 21 divide 924?
True
Is 17 a factor of 13136?
False
Is 7176 a multiple of 24?
True
Is 302 a factor of 15077?
False
Is 9 a factor of 225?
True
Is 34 a factor of 580?
False
Is 89 a factor of 2013?
False
Is 3000 a multiple of 15?
True
Is 583 a multiple of 11?
True
Is 6 a factor of 7489?
False
Does 67 divide 4623?
True
Is 2160 a multiple of 9?
True
Does 13 divide 9303?
False
Does 154 divide 12159?
False
Is 22 a factor of 24414?
False
Is 23 a factor of 3801?
False
Is 10819 a multiple of 102?
False
Does 140 divide 14280?
True
Is 9 a factor of 17?
False
Does 139 divide 973?
True
Is 24410 a multiple of 10?
True
Is 10332 a multiple of 12?
True
Is 41 a factor of 1074?
False
Is 21 a factor of 6342?
True
Is 21 a factor of 230?
False
Is 7 a factor of 17990?
True
Is 3 a factor of 2467?
False
Is 16 a factor of 984?
False
Does 8 divide 200?
True
Is 9836 a multiple of 92?
False
Is 2 a factor of 1416?
True
Is 35 a factor of 2732?
False
Is 13 a factor of 14233?
False
Is 521 a multiple of 33?
False
Is 73 a factor of 301?
False
Is 390 a multiple of 6?
True
Does 34 divide 938?
False
Is 62 a factor of 15876?
False
Is 16 a factor of 1865?
False
Does 7 divide 3498?
False
Does 3 divide 17013?
True
Does 16 divide 2752?
True
Does 9 divide 6291?
True
Does 21 divide 394?
False
Is 2 a factor of 652?
True
Is 60 a factor of 2280?
True
Is 47 a factor of 1162?
False
Is 21344 a multiple of 184?
True
Is 7 a factor of 576?
False
Does 29 divide 1537?
True
Is 58 a factor of 6206?
True
Does 13 divide 10387?
True
Does 16 divide 44127?
False
Is 18301 a multiple of 190?
False
Does 47 divide 56165?
True
Is 1465 a multiple of 13?
False
Is 84 a factor of 4973?
False
Is 30 a factor of 1260?
True
Is 1274 a multiple of 29?
False
Is 13 a factor of 828?
False
Does 13 divide 3094?
True
Is 6 a factor of 7104?
True
Is 4900 a multiple of 75?
False
Does 147 divide 14847?
True
Does 25 divide 1475?
True
Is 924 a multiple of 11?
True
Is 280 a multiple of 56?
True
Is 17 a factor of 41429?
True
Is 5 a factor of 195?
True
Is 8 a factor of 9608?
True
Does 4 divide 372?
True
Is 153 a multiple of 12?
False
Does 3 divide 3006?
True
Is 86823 a multiple of 67?
False
Is 21181 a multiple of 28?
False
Is 42612 a multiple of 67?
True
Is 162 a multiple of 6?
True
Is 1632 a multiple of 102?
True
Is 11008 a multiple of 10?
False
Is 325 a multiple of 27?
False
Is 44 a factor of 44?
True
Is 96560 a multiple of 340?
True
Does 11 divide 580?
False
Is 19 a factor of 35245?
True
Is 53452 a multiple of 92?
True
Is 23 a factor of 33833?
True
Does 41 divide 1084?
False
Is 13483 a multiple of 11?
False
Is 29 a factor of 58?
True
Is 1026 a multiple of 18?
True
Is 78 a multiple of 78?
True
Does 7 divide 4752?
False
Is 262 a multiple of 2?
True
Is 25338 a multiple of 246?
True
Is 203 a multiple of 3?
False
Is 1127 a multiple of 10?
False
Is 51864 a multiple of 19?
False
Is 804 a multiple of 38?
False
Does 278 divide 30783?
False
Is 777 a multiple of 27?
False
Is 5355 a multiple of 21?
True
Is 20 a factor of 1862?
False
Does 9 divide 7671?
False
Is 5 a factor of 176?
False
Does 7 divide 154?
True
Is 296 a multiple of 37?
True
Does 5 divide 19125?
True
Is 736 a multiple of 16?
True
Is 144 a multiple of 16?
True
Is 9044 a multiple of 119?
True
Does 86 divide 877?
False
Is 200 a factor of 58200?
True
Is 2057 a multiple of 51?
False
Does 75 divide 10650?
True
Is 111 a multiple of 16?
False
Is 720 a multiple of 10?
True
Is 34 a factor of 580?
False
Does 27 divide 8289?
True
Is 14763 a multiple of 21?
True
Is 34 a factor of 79788?
False
Does 2 divide 344?
True
Is 5 a fact